 is divided by q.
9
Let w = -14 + -1. Let c(m) = m**2 + 2*m + 7. What is the remainder when c(-5) is divided by (0 - -1)*-3 - w?
10
Let y(t) = t**2 - 7*t - 6. Calculate the remainder when 93 is divided by y(9).
9
Let f = -3 + 0. Let y = 13 + f. What is the remainder when 28 is divided by y?
8
Suppose -4*c = -3*c - 34. Calculate the remainder when c is divided by 12.
10
Let p(n) = 13*n + 1. Let h be p(1). Suppose 5*s - h = -o, -5*o + 2*s + 12 = -o. Let b = 8 + -2. What is the remainder when b is divided by o?
2
Suppose -11 = -o - 4. Let p(m) = -m**2 + 7*m + 10. What is the remainder when 18 is divided by p(o)?
8
Let u be ((-16)/3)/(1/(-3)). Suppose -p - u = -2*p. Let c(t) = -t**3 - 3*t**2 - 3*t - 3. What is the remainder when p is divided by c(-3)?
4
Calculate the remainder when 125 is divided by 38 + (4 - (-5 - -4)).
39
Suppose -3*a = -f - 21, -3*a - 2 = -5*f - 11. Let q(u) = u**2 - 17*u + 14. Calculate the remainder when q(17) is divided by a.
6
Let k(d) = -d**2 + 3*d + 17. Calculate the remainder when 141 is divided by k(4).
11
Let t = 64 + -31. Let j = -38 + 56. What is the remainder when t is divided by j?
15
Let a = 114 - -39. Calculate the remainder when a is divided by 31.
29
Suppose 2*w - 22 = 2*d, -w - 2*w + d + 27 = 0. What is the remainder when 14 is divided by w?
6
Suppose -a = a + 4*j - 62, -63 = -2*a - 5*j. Suppose -3*p = -6 - 0. Suppose -4*r + 36 = 4*o - p*o, 0 = -3*r + 12. What is the remainder when a is divided by o?
9
Suppose -u = -5*b + 354, -4*b - 5*u = -6*b + 137. What is the remainder when b is divided by 19?
14
Suppose 4*p = -g + 16, -g - p - p + 18 = 0. Calculate the remainder when 38 is divided by g.
18
Let f(m) be the third derivative of m**4/6 - 5*m**3/6 - 2*m**2. Let d be f(7). Let u = -7 + d. Calculate the remainder when 47 is divided by u.
15
Let t = 15 - 13. Suppose 0 = t*o + 3*w - 63, -w = 3*w - 20. What is the remainder when o is divided by 13?
11
Let g(c) = -c**3 + 6*c**2 - 3*c + 1. Let s be g(5). Let t = s + -2. Calculate the remainder when 25 is divided by t.
7
Let w = 13 - -65. Calculate the remainder when w is divided by 16.
14
Suppose 46 = 4*f - 6. Calculate the remainder when 16 is divided by f.
3
Let r be 2/(-11) + 784/(-44). Let z = r + 36. Calculate the remainder when 52 is divided by z.
16
Let n(y) be the first derivative of y**4/4 - y**2 - 2. Let k(t) be the second derivative of n(t). Calculate the remainder when k(4) is divided by 13.
11
Suppose 9*b - 4*b = 15. Let k be -1*8*2/(-8). Suppose b*h = 29 - k. What is the remainder when 17 is divided by h?
8
Suppose -4*f = p - 27, -p - 4*p + 59 = f. What is the remainder when 281/9 + 10/(-45) is divided by p?
9
Let w(i) = i**2 - 5*i - 4. Let b = 0 - -3. What is the remainder when b is divided by w(6)?
1
Suppose 4*s = 5*i - 126, 2*i + 0*i + s - 40 = 0. What is the remainder when i is divided by 6?
4
Let w = 263 - 144. What is the remainder when w is divided by 24?
23
Let a = -471 - -991. Suppose 0*x - 4*x = a. What is the remainder when 65 is divided by x/(-6) - (-1)/3?
21
Suppose -q - 2*t + 26 = 0, 0 = 3*q + 3*t + t - 80. What is the remainder when q is divided by 19?
9
Let k(u) = 14*u. Let a be k(-1). Let d = a + 31. What is the remainder when 31 is divided by d?
14
Suppose 0 = -3*b + 5*z - 9, 4*b = 4*z - 2 - 2. Suppose 2*f + 2*f = 20. What is the remainder when f is divided by b?
1
Suppose 3*n + 5 = -5*o - 2*n, -5*n + 22 = -4*o. Let v = 0 - o. Suppose -x - v*x + 64 = 0. What is the remainder when 31 is divided by x?
15
Suppose 24 = 2*h - h - s, 0 = -h - 5*s + 24. What is the remainder when h is divided by ((-2)/1)/(-1) + 11?
11
What is the remainder when 64 is divided by ((0 - 3) + -8)*-1?
9
Suppose 3*l = 2*j + 555, -2*j = -5*j - l - 827. Suppose -4*p + 8 = -3*p. Calculate the remainder when 2/10 + j/(-20) is divided by p.
6
Suppose 0 = -j + 6*j + h - 35, -2*h - 2 = j. Calculate the remainder when j is divided by 5.
3
Calculate the remainder when 69/(-6)*(-2 - -4 - 8) is divided by 14.
13
Let k(g) = g**2 - 3*g + 9. What is the remainder when 48 is divided by k(4)?
9
Let d(l) = -194*l + 4. What is the remainder when d(-1) is divided by 40?
38
Let l(q) = -5*q - 6. Let h be l(5). Let g = -10 - h. What is the remainder when g is divided by (-423)/(-39) + -1*4/(-26)?
10
Suppose 15 = 4*g - 41. Suppose g = 4*c + 2. Suppose 31 = -c*w + 4*w. What is the remainder when w is divided by 11?
9
Let z(b) = 8*b + 12. Let k be z(5). Suppose -p = -2*c - k, p - 14 = -c + 29. Calculate the remainder when p is divided by 16.
14
Let q(p) = p**3 + 9*p**2 - 2*p - 11. Calculate the remainder when q(-9) is divided by (-3)/(-6*(-4)/(-16)).
1
Let n(x) = -x**2 - 4*x + 2. Let d be n(-4). Calculate the remainder when d/3 + (-616)/(-12) is divided by 18.
16
Let d(v) = 6*v**2 - 2*v + 1. Let u(h) = -h**3 + 7*h**2 + 8*h. Let a be u(8). Suppose a = 3*z - 8*z + 15. What is the remainder when d(1) is divided by z?
2
Let y(r) = -2*r + 3*r - 2 - 2*r. Let u be y(-4). Suppose -u*t + t = -2*n - 24, 0 = -5*t - 3*n + 68. Calculate the remainder when 47 is divided by t.
15
Let v(b) = b**3 - 7*b**2 + 9*b + 16. What is the remainder when v(7) is divided by 20?
19
Let o = -12 + 18. Suppose -17 + 107 = 4*z - 2*y, -4*z = 4*y - 72. Calculate the remainder when z is divided by o.
3
Let d(j) be the third derivative of j**4/24 + 7*j**3/3 + j**2. Suppose 2*l = -w + l - 3, 0 = 2*w + 3*l + 9. What is the remainder when 41 is divided by d(w)?
13
Let d(o) = o**2 + 6*o. Let r be d(-9). Let k = r - 57. Let c = -14 - k. Calculate the remainder when c is divided by 6.
4
Suppose 2*x - 59 = -3*k, 4*k - 2 = x - 26. Suppose -3*d = -9 - 36. Calculate the remainder when x is divided by d.
13
Let q(h) = -6*h + 6. Let d be q(6). Let m = -15 - d. Suppose 0*o = -3*o + m. Calculate the remainder when 8 is divided by o.
3
Let u(a) be the first derivative of -5*a**2 - 4. Suppose -h = -6*f + 3*f - 9, 0 = f - 2*h - 2. What is the remainder when u(f) is divided by 14?
12
Suppose -m - 1 = -4*p - 7, -p = 0. Suppose 82 = -4*o + m*o. Suppose -x = -0*x - o. Calculate the remainder when x is divided by 21.
20
Suppose -294 - 38 = -4*f. Calculate the remainder when f is divided by 29.
25
Suppose 3*o = 3*b - o - 55, 2*b = o + 30. Let p = b - -3. Calculate the remainder when 63 is divided by p.
15
Let b(z) be the second derivative of z**4/12 + z**3/2 - z**2/2 - 4*z. Calculate the remainder when 4 is divided by b(-4).
1
Let t(d) = -3*d. Let u be ((-6)/(-15))/(2/20). Let i(p) = 2*p. Calculate the remainder when i(u) is divided by t(-1).
2
Let j = 6 - 3. Suppose 6*s - j*s = 54. Let h = s - -1. Calculate the remainder when h is divided by 7.
5
Suppose 0*s = -3*s + 3. Let n be (36/10)/(3/20). Suppose -4*z = -3*z + 4*y + 15, 5*y + n = 4*z. Calculate the remainder when s is divided by z.
0
Let o be (-24)/(-9)*(-3)/2. Let x = -11 - 0. Let l = o - x. What is the remainder when 13 is divided by l?
6
Suppose 0*y + 2*g = -y + 32, 4*g - 96 = -3*y. Suppose -5*n + 12 = 2. Suppose 4*l - n*l = 22. Calculate the remainder when y is divided by l.
10
Let m(n) = n**3 + n**3 + 5*n**2 - 3*n**2 - n**3 + 7 - 2*n. Let d(k) = -k**3 + 7*k**2 - 5*k - 1. Calculate the remainder when d(6) is divided by m(-3).
1
Let w(z) = -7*z - 19. What is the remainder when 42 is divided by w(-4)?
6
Let c(i) = i**2 - 11*i - 7. Let q be c(12). Suppose s = q*o - 17, o - 2*o = 2*s - 10. Calculate the remainder when o is divided by 3.
1
Let z be (4/6)/(18/189). Suppose -p - 48 = -z*p. Calculate the remainder when 22 is divided by p.
6
Suppose 0*o - 4*o + 100 = 0. Let h(d) = 45*d**2 - 11*d. Let x(t) = 30*t**2 - 7*t. Let g(a) = -5*h(a) + 8*x(a). What is the remainder when o is divided by g(1)?
11
Let f(d) be the third derivative of d**5/15 + 6*d**2. Let q(p) = -2*p. Calculate the remainder when q(-5) is divided by f(1).
2
Let r(u) = -2*u**3 - u**2 - 3*u - 1. What is the remainder when r(-3) is divided by 19?
15
Let a = -25 - -58. What is the remainder when a is divided by 12?
9
Let a = -3 - -7. Let d(l) be the first derivative of l**3/3 - l**2 - 5*l - 33. What is the remainder when 4 is divided by d(a)?
1
Suppose -5*x = -3*x - 34. Suppose 4*b = -4*g + 44, -4*b = -b - 6. What is the remainder when x is divided by g?
8
Let j be 0/(-2) - (1 + -15). Suppose 0*b - j = -b. What is the remaind